01110 - 11?
1001011
In base 4, what is -12313 - 302?
-13221
In base 10, what is 1 - -27?
28
In base 9, what is 65 - -75?
151
In base 16, what is 5 - -44f?
454
In base 8, what is 46 - -6?
54
In base 16, what is -64 - 1?
-65
In base 7, what is 3641 - 5?
3633
In base 4, what is 1230 + -12?
1212
In base 3, what is 11 + 10211?
10222
In base 11, what is -9 + -3?
-11
In base 14, what is 15 - -26?
3b
In base 8, what is -37 - -1242?
1203
In base 3, what is -21201002 + 2?
-21201000
In base 15, what is -3 + -64?
-67
In base 2, what is -101 + 10110?
10001
In base 14, what is 8 - -33?
3b
In base 11, what is 6 - 19?
-13
In base 4, what is 3 - 20000?
-13331
In base 13, what is -4 + -6?
-a
In base 13, what is -18c - 1?
-190
In base 10, what is -1284 - -3?
-1281
In base 9, what is 1 + -471?
-470
In base 10, what is -115 - -4?
-111
In base 7, what is 316 + -1?
315
In base 13, what is -3 + 12?
c
In base 8, what is -11255 + -2?
-11257
In base 2, what is -10011011 + 100?
-10010111
In base 6, what is 130 - -12?
142
In base 14, what is -294 + 5?
-28d
In base 16, what is 5 + -182?
-17d
In base 10, what is -15 + 42?
27
In base 11, what is -7 - -1?
-6
In base 7, what is -11102 - 2?
-11104
In base 10, what is -104 - 4?
-108
In base 6, what is -4014 - -1?
-4013
In base 5, what is 14 + 1?
20
In base 13, what is -52 - -b?
-44
In base 9, what is 66 - -5?
72
In base 3, what is 2021101 + -210?
2020121
In base 11, what is -474a + 0?
-474a
In base 14, what is 1b7 + -1?
1b6
In base 2, what is 1010100110 + -101?
1010100001
In base 8, what is 20 + -7?
11
In base 15, what is -27 - 3?
-2a
In base 5, what is 144 + -34?
110
In base 5, what is 0 - -224?
224
In base 6, what is 2524 - -1?
2525
In base 9, what is 12 - 2?
10
In base 4, what is 1022 - -1333?
3021
In base 7, what is -3 + 2020?
2014
In base 2, what is 1010100 - 11?
1010001
In base 9, what is -443 + -13?
-456
In base 13, what is 3 + 48?
4b
In base 3, what is 2 + -1001?
-222
In base 6, what is -3045 + 1?
-3044
In base 9, what is -44 + 185?
141
In base 11, what is -8a9 + -9?
-907
In base 10, what is -3541 + -5?
-3546
In base 4, what is 132 - 1211?
-1013
In base 14, what is -a + 14?
8
In base 12, what is -a - 4a?
-58
In base 15, what is -1 + c?
b
In base 9, what is -10 + 78?
68
In base 5, what is 342 + 20?
412
In base 14, what is -3a + -1?
-3b
In base 9, what is -5 + -727?
-733
In base 2, what is -101 + 1001110?
1001001
In base 14, what is 2a6 - 5?
2a1
In base 5, what is -42 - 3230?
-3322
In base 5, what is 0 - 2403?
-2403
In base 13, what is b705 + -3?
b702
In base 11, what is 9 - -22?
30
In base 7, what is -2 - 140?
-142
In base 11, what is -1253 - -4?
-124a
In base 14, what is 2 + -482?
-480
In base 11, what is 5047 + -4?
5043
In base 11, what is -1 - 29?
-2a
In base 12, what is -b04 - 4?
-b08
In base 8, what is 33 - -467?
522
In base 14, what is 0 + 62?
62
In base 7, what is 1 + 103?
104
In base 8, what is 4 + 145?
151
In base 11, what is -3 + -aa?
-102
In base 10, what is 0 - -127?
127
In base 8, what is -650 + -12?
-662
In base 16, what is 13bb + 0?
13bb
In base 9, what is 5 - 168?
-163
In base 15, what is -52 - 3?
-55
In base 15, what is -275e - 4?
-2763
In base 12, what is -1b + 25?
6
In base 5, what is 10 + -3?
2
In base 15, what is 2 - 22?
-20
In base 7, what is -12320 - 0?
-12320
In base 12, what is -8 + -247?
-253
In base 3, what is -201 - 21?
-222
In base 12, what is -1a + -4?
-22
In base 9, what is 11 + -10?
1
In base 4, what is -11 + -32310?
-32321
In base 6, what is 1 + 20452?
20453
In base 13, what is -4 + -2?
-6
In base 2, what is 1 + -11110000101?
-11110000100
In base 5, what is 1200 + -3?
1142
In base 7, what is 3 - -633?
636
In base 14, what is -3 - -10?
b
In base 16, what is -176 + 1?
-175
In base 12, what is -4 - bb4?
-bb8
In base 2, what is 10 - -1010110?
1011000
In base 16, what is 11 - -5?
16
In base 3, what is -10202021 - 10?
-10202101
In base 14, what is 4c + -132?
-c4
In base 12, what is 5 + -75?
-70
In base 13, what is -a38 + -2?
-a3a
In base 9, what is -1567 - 0?
-1567
In base 5, what is 2401 - -2?
2403
In base 9, what is 17 + -13?
4
In base 15, what is e2 + 5?
e7
In base 5, what is -23 + -311?
-334
In base 4, what is -100100 - -31?
-100003
In base 8, what is -4165 - -3?
-4162
In base 3, what is -2 - -121?
112
In base 13, what is 7b3 - -3?
7b6
In base 4, what is -2301 - -12?
-2223
In base 9, what is -888 - -3?
-885
In base 8, what is -440 + -5?
-445
In base 12, what is 4 + -7b?
-77
In base 4, what is 12230 - 10?
12220
In base 8, what is 2 + 17?
21
In base 9, what is 20 + -14?
5
In base 10, what is -1305 + -2?
-1307
In base 5, what is 10220 + 20?
10240
In base 10, what is -2 + -8?
-10
In base 7, what is 21 - 2?
16
In base 13, what is 119 + -11?
108
In base 12, what is -2 + 3a6?
3a4
In base 3, what is -101021 + -1?
-101022
In base 12, what is -600 - 1?
-601
In base 3, what is -12 + 12111?
12022
In base 8, what is -133 + -3?
-136
In base 7, what is 63 - 0?
63
In base 6, what is 14 + 101?
115
In base 15, what is -3c7 + -d?
-3d5
In base 5, what is 13403 - -2?
13410
In base 6, what is 1 - 140?
-135
In base 12, what is 0 + -345a?
-345a
In base 13, what is 15 + 98?
b0
In base 5, what is 20340 - -4?
20344
In base 9, what is 5 - 36?
-31
In base 16, what is -2 + -2bf?
-2c1
In base 5, what is 21 - -333?
404
In base 5, what is -124 - 10?
-134
In base 7, what is -2 + 440?
435
In base 6, what is 254 + 0?
254
In base 4, what is -11 + 10103?
10032
In base 12, what is 5 - 3b2?
-3a9
In base 11, what is 1265 + 1?
1266
In base 2, what is 0 - 11000000?
-11000000
In base 12, what is 1 - 133?
-132
In base 9, what is -10 - -48?
38
In base 12, what is 9 - -59?
66
In base 8, what is 4 + -5661?
-5655
In base 12, what is -29 - -9?
-20
In base 16, what is -14 - -2?
-12
In base 2, what is 1000 + -101?
11
In base 6, what is 0 + -3455?
-3455
In base 11, what is 3 - -25?
28
In base 12, what is 41 - 23?
1a
In base 4, what is -11 - 222?
-233
In base 8, what is 104 - -10?
114
In base 2, what is -10110 + 111?
-1111
In base 8, what is -73 + 4?
-67
In base 3, what is 222102022 + -1?
222102021
In base 3, what is -2 + -10100?
-10102
In base 10, what is -84 - -100?
16
In base 10, what is -1 - -1749?
1748
In base 11, what is -7 + -67?
-73
In base 10, what is -68 - 8?
-76
In base 3, what is -1011 + -1020?
-2101
In base 12, what is 43 - -5a?
a1
In base 7, what is -413 + 2?
-411
In base 15, what is 0 - 454?
-454
In base 16, what is f4 + -2?
f2
In base 6, what is -5 + 121?
112
In base 12, what is 0 + 5?
5
In base 2, what is -11100110 + -10?
-11101000
In base 4, what is -123 - -2021?
1232
In base 15, what is 24 + 22?
46
In base 8, what is -1 - -11?
10
In base 3, what is 201 - -102?
1010
In base 4, what is -22 - 330?
-1012
In base 5, what is 40 + 3?
43
In base 13, what is -248 + 5?
-243
In base 11, what is -9 + -5?
-13
In base 10, what is 49 - -33?
82
In base 13, what is 2 + 7a?
7c
In base 15, what is 576 - -2?
578
In base 2, what is -100000011 - 11?
-100000110
In base 11, what is 3791 - -1?
3792
In base 10, what is -6 - -2258?
2252
In base 5, what is 1143 - -4?
1202
In base 9, what is -36 - 5?
-42
In base 5, what is 0 - 1300?
-1300
In base 13, what is -3 - 29?
-2c
In base 4, what is 210010 - -11?
210021
In base 16, what is -2ce3 - -4?
-2cdf
In base 12, what is -2 - -41a?
418
In base 6, what is -4 + -211?
-215
In base 15, what is a + 0?
a
In base 15, what is 1beb + 5?
1c01
In base 16, what is 8ef + -2?
8ed
In base 4, what is -112212 + -11?
-112223
In base 13, what is 3b96 + 1?
3b97
In base 10, what is -33 + 60?
27
In base 15, what is -6e + 2?
-6c
In base 4, what is -21 - -120331?
120310
In base 12, what is -2 + -148?
-14a
In base 12, what is 2 - -14?
16
In base 9, what is 8 + -225?
-216
In base 5, what is -14 - 4401?
-4420
In base 7, what is -15 - 5?
-23
In base 10, what is -5 + -5209?
-5214
In base 4, what is -10 - -22032?
22022
In base 14, what is -3 + -7c7?
-7ca
In base 7, what is -15 + -361?
-406
In base 11, what is -21 + -37?
-58
In base 6, what is 1 - 313?
-312
In base 7, what is 300 + -40?
230
In base 6, what is -213 - -12?
-201
In base 8, what is 2517 + -1?
2516
In base 8, what is 1221 + -3?
1216
In base 14, what is -2d - 9?
-38
In base 3, what is -21120 + -1?
-21121
In base 6, what is -153 + -2?
-155
In base 11, what is -494 - a?
-4a3